e (-2)/(8/4) - -1. Let f be (-1 - -4) + (-624)/(-2). Suppose 3*x - 3*y - f = v, 2*y - 553 = -14*x + 9*x. What are the prime factors of x?
109
Let k = 109 - 37. Suppose -2*f - 3*p + k = 0, -4*f + 76 = -2*f + 2*p. Let c = 23 + f. List the prime factors of c.
5, 13
Suppose -6 = -2*a, 86 = -0*m + 4*m - 2*a. Suppose 25*b = m*b - 8. List the prime factors of (b - -3)/(1/(-55)).
5, 11
Suppose -14*q + 10 = -88. Suppose -q*n + 493 = 129. List the prime factors of n.
2, 13
Let j(v) = 193*v**2 + 30*v - 182. What are the prime factors of j(6)?
2, 23, 151
Suppose -2*i + 3*i = 10981. List the prime factors of i.
79, 139
Let o(b) = b**2 + 1 + 31*b - 4 + 9*b**2 - 11*b**2. What are the prime factors of o(12)?
3, 5
Suppose c + 4*c + 1280 = 0. Let b = c - -375. Suppose -5*g - 5*y = -183 - 107, -b = -2*g - 3*y. What are the prime factors of g?
5, 11
Let b(q) = 21*q + 1. Let g be b(-5). Let f(h) = 3*h**3 - 11*h**2 + 13*h. Let r be f(6). What are the prime factors of (r/88)/((-3)/g)?
2, 5, 13
Let c be ((-5)/3)/(((-35)/2100)/(2/4)). Let l be (10/(-3))/(2/6). Let t = l + c. What are the prime factors of t?
2, 5
Let d be (-45)/(-12) + (-1)/(-4). Suppose -5*u - 528 = -i, -7*u + d = -6*u. List the prime factors of i.
2, 137
Let a(m) = 5*m**2 + 6*m + 86. Let j be a(12). List the prime factors of j/10 - 1/(-5).
2, 11
Let d(r) be the first derivative of 327*r**2/2 - 132*r - 182. What are the prime factors of d(4)?
2, 3, 7
Let s = 395 - 66. Let g be (168/(-40) + 4)*1135. Let y = g + s. List the prime factors of y.
2, 3, 17
Let q be 11 - (4 + -3 + 0). Suppose -q*g - 16*g = -19968. What are the prime factors of g?
2, 3
Let s(k) be the first derivative of -53*k**2/2 + 657*k - 98. What are the prime factors of s(0)?
3, 73
Let k(s) = 2*s + 19 - s + 79 - 6*s - s**2. List the prime factors of k(-9).
2, 31
Suppose -14*f = -46 + 4. Suppose f*l = 2*r + 694, r + 250 = 2*l - 211. List the prime factors of l.
2, 3, 19
Let k = -4475 - -8370. What are the prime factors of k?
5, 19, 41
Suppose 120*u = 113*u + 5103. Suppose u = 4*d + g - 875, 2*d = 4*g + 802. What are the prime factors of d?
401
Let a = 565 + -253. Suppose 200 = 16*t - 11*t. Suppose -t*j - a = -44*j. What are the prime factors of j?
2, 3, 13
Let y be (22 - 20) + (-2 - -5). What are the prime factors of 119/((y + -7)/(-6))?
3, 7, 17
Suppose -4*a + 561 + 27971 = 0. List the prime factors of a.
7, 1019
Suppose 0*u + 3*y - 205 = -u, 2*y - 8 = 0. Let n be ((-107)/428)/((0 + -1)/20). Suppose -u = -n*l - d, 4*d - 33 - 17 = -l. What are the prime factors of l?
2, 19
Suppose -18*z - 39 = -21*z. Suppose 15*d - z*d = 8. Suppose -2*n = w - 99, w + 0*n = d*n + 123. List the prime factors of w.
107
Let d(f) = f**2 - 12*f - 10. Let a be d(13). Let l(s) = 5*s - 9. Let b be l(a). Suppose -2*t + b*t + 5*v = 88, 3*v = 0. List the prime factors of t.
2, 11
Suppose 6*c = 2 + 16. Suppose -c*z + 5*t = -1748, 6*z = 2*z + 4*t + 2344. Suppose -5*n + z = -279. List the prime factors of n.
2, 3, 29
Let x(f) = 10*f**2 + 5*f - 19. Let i be x(-7). Let n = i + -254. What are the prime factors of n?
2, 7, 13
Let h be -2 - (-24 + 0/(-1)). Suppose -2*y + 3*y = -5*j + h, -3*y = -4*j + 10. List the prime factors of (0 - -76) + (y - 6 - -4).
2, 19
Let t(v) be the first derivative of -6 + 8 + 9*v + 5 + 3*v**2 + 11. List the prime factors of t(5).
3, 13
Suppose 0 = 411*c - 14063856 - 5443437. What are the prime factors of c?
3, 13, 1217
Let y = 33 + -28. Let i(v) = 76 - 8*v - 3*v**2 - 87 + y*v**2. What are the prime factors of i(12)?
181
Let f(z) = -107*z - 17. Let l = 30 - 34. Let a be f(l). Let c = -236 + a. What are the prime factors of c?
5, 7
Suppose -185*q + 303620 = -151*q. List the prime factors of q.
2, 5, 19, 47
Let f(n) be the first derivative of -83*n**2/2 - 162*n + 65. List the prime factors of f(-10).
2, 167
Suppose 11*l - 7*l + 46 = 2*s, -4*l = 4*s - 80. Suppose 0 = s*n + 6*n - 5454. What are the prime factors of n?
2, 101
Let v(a) = 9*a + 279. Let k be v(-29). List the prime factors of (-2 + k/(-12))*1328/(-28).
2, 83
Let g(z) = -z**2 - 47*z - 308. List the prime factors of g(-10).
2, 31
Let g be 2*(0 - 15/(-5)*-1). List the prime factors of (8952/9)/8 - 4/g.
5
Suppose -2*d + 3*v = -16739, 9*v = d + 5*v - 8357. List the prime factors of d.
8377
Suppose 0 = -3*z + 67 + 35. Let o = z - 37. List the prime factors of 1/o*-37*9.
3, 37
Suppose 14*t = -8*t + 88. Suppose 0 = -4*d - 15*s + 10*s + 2332, 4*d = t*s + 2296. List the prime factors of d.
2, 17
Let z be 699*3/12 + 9/(-12). Suppose -5*w - 4*u = -2*u - z, -w = -3*u - 45. List the prime factors of (w/(-10))/(7/(-70)).
2, 3
Suppose 3 = -h + 21. Suppose -228 = 14*z - h*z. Suppose -x = -z - 84. List the prime factors of x.
3, 47
Let o(b) = 5*b**2 + 17*b + 90. Let v be o(-22). Suppose 7*x = 3*x + v. List the prime factors of x.
2, 3, 89
Let a(b) = 5 + 12*b**2 + 12*b**2 - 3*b**2 - 7*b - b**2. What are the prime factors of a(5)?
2, 5, 47
Suppose -726 = -t + 98. Suppose -60*f + 64*f = t. Suppose -5*y + f = -599. List the prime factors of y.
7, 23
Let v be 4/(-10) + 7641/15. Suppose 3*z - 305 = -438 + 2395. Let a = z - v. List the prime factors of a.
5, 7
Let s = 20768 - 6747. What are the prime factors of s/35 - 3/5?
2, 5
Let d(l) = 1012*l - 13987. What are the prime factors of d(21)?
5, 1453
Let d be (1340/(-30))/(3/(-9)). Suppose -388 = -a - d. List the prime factors of a.
2, 127
Let z(q) = 84*q + 2524. Let b be z(-30). Let s(d) = 0*d + 17 - 3 + 20*d. What are the prime factors of s(b)?
2, 47
Let w(h) = 2*h**3 + 9*h**2 + 5*h. Let b(n) = n - 6. Let x be b(2). Let s be w(x). What are the prime factors of s + 8 + 17 - -3?
2, 3
Suppose 0 = 3*a + a + 3*a. Suppose 0 = 4*h + 4*x - 3176, 4*h + 5*x - 936 - 2244 = a. List the prime factors of h.
2, 5, 79
Let z be (8/(-10))/(-2*(-3)/(-15)). Suppose -z*m = -0*m - 10. What are the prime factors of 2/m - (2 + 718/(-5))?
2, 71
Let p = 58 + -31. Let o be -3 + 5 - (p + -3). What are the prime factors of 1*-1 + (-2244)/o?
101
Let o = -45 + 28. Let s = o + 26. What are the prime factors of (48/(-10))/(s/(-60))?
2
Suppose -5*i - 5*b + 999 = -861, -i + 347 = -4*b. Let s = i - -128. List the prime factors of s.
3, 5, 11
Suppose -2*i + g = -6*i - 16455, 5*g + 8205 = -2*i. List the prime factors of (i/(-75)*3)/(1/5).
823
Suppose -4*w + 88 = -4*a, a + 56 = 2*w + 2*a. Suppose -535 + 10207 = w*t. What are the prime factors of t?
2, 3, 31
Suppose 252768 + 13422 + 602938 = 61*d. What are the prime factors of d?
2, 13, 137
Let v = -6336 - -10678. What are the prime factors of v?
2, 13, 167
Let v = -10494 + 15990. List the prime factors of v.
2, 3, 229
Let w(f) = 22*f**3 - 22*f**2 - 64*f - 147. What are the prime factors of w(12)?
3, 11311
Let v(i) = i**3 - 3*i**2 + 19*i - 16. Suppose -2*a + 72 = 7*a. What are the prime factors of v(a)?
2, 3, 19
What are the prime factors of 9 - 555/60 - ((-2569)/4 + -2)?
2, 7, 23
Suppose 0 = -2*f - 281 + 277, -2*f + 18332 = 4*u. What are the prime factors of u?
2, 3, 191
Suppose -12*p - 2471 - 2485 = 0. Let n = p + 1177. What are the prime factors of n?
2, 191
Let a be 8/36 + (-16896)/(-27). Let o = -255 + a. List the prime factors of o.
7, 53
Let a(t) = 7*t**3 - 5*t**2 + 7*t + 3. Let h be (-3)/(-6)*(2 - -4). Let v be a(h). What are the prime factors of (-1910)/(-22) + (-2 - v/(-77))?
3, 29
Let s be (-1)/((-4)/14 + 51/105). Let h = 9 + s. Suppose -g = h*y - 75 - 37, -3*g + 4*y + 256 = 0. List the prime factors of g.
2, 23
Let u(s) = 870*s**3 + 3*s**2 - 13*s + 20. Let i be u(2). Suppose 52*b - i = 43*b. What are the prime factors of b?
2, 3, 43
Let d(h) = -25*h + 203. Let z be d(8). What are the prime factors of (2 - (-12)/(-9))*(906 + z)?
2, 3, 101
Let j = -142 + 142. Suppose -v - 3*g = -267, j = -11*v + 6*v + g + 1255. List the prime factors of v.
2, 3, 7
Let b(y) = -5*y - 2. Let z be b(-1). Let i = 88 + z. What are the prime factors of i?
7, 13
Let o(z) = -650*z - 3700. List the prime factors of o(-27).
2, 5, 277
Suppose -143*y = -41*y - 3801076 + 100822. What are the prime factors of y?
36277
Let y be ((-118)/4)/((-2)/168*1). Suppose 0 = 6*o - 18 - y. List the prime factors of 16/(-24) + o/3.
2, 3, 23
Let w(l) = 17561*l - 2721. List the prime factors of w(4).
67523
Let f = -771 - -1100. Let i be ((-96)/2)/((-1)/3). Let n = f - i. What are the